{"id":160,"date":"2026-01-25T14:31:38","date_gmt":"2026-01-25T13:31:38","guid":{"rendered":"https:\/\/www.unserezukunft-tiefenbach.de\/?page_id=160"},"modified":"2026-01-25T14:39:30","modified_gmt":"2026-01-25T13:39:30","slug":"mandatstraeger-vorstandschaft","status":"publish","type":"page","link":"https:\/\/www.unserezukunft-tiefenbach.de\/index.php\/mandatstraeger-vorstandschaft\/","title":{"rendered":"mandatstr\u00e4ger &#038; vorstandschaft"},"content":{"rendered":"\n<h2 class=\"wp-block-heading\">Mandatstr\u00e4ger<\/h2>\n\n\n\n<figure class=\"wp-block-image size-large is-resized\"><img loading=\"lazy\" decoding=\"async\" width=\"683\" height=\"1024\" src=\"https:\/\/www.unserezukunft-tiefenbach.de\/wp-content\/uploads\/2026\/01\/Mandat_Schwarzbauer-683x1024.jpg\" alt=\"\" class=\"wp-image-157\" style=\"aspect-ratio:0.6669980278664079;width:342px;height:auto\" srcset=\"https:\/\/www.unserezukunft-tiefenbach.de\/wp-content\/uploads\/2026\/01\/Mandat_Schwarzbauer-683x1024.jpg 683w, https:\/\/www.unserezukunft-tiefenbach.de\/wp-content\/uploads\/2026\/01\/Mandat_Schwarzbauer-200x300.jpg 200w, https:\/\/www.unserezukunft-tiefenbach.de\/wp-content\/uploads\/2026\/01\/Mandat_Schwarzbauer-768x1152.jpg 768w, https:\/\/www.unserezukunft-tiefenbach.de\/wp-content\/uploads\/2026\/01\/Mandat_Schwarzbauer.jpg 937w\" sizes=\"auto, (max-width: 683px) 100vw, 683px\" \/><figcaption class=\"wp-element-caption\">Florian Schwarzbauer<br>1. Vorstand, Gemeinderat, Fraktionssprecher<\/figcaption><\/figure>\n\n\n\n<figure class=\"wp-block-image size-large is-resized\"><img loading=\"lazy\" decoding=\"async\" width=\"682\" height=\"1024\" src=\"https:\/\/www.unserezukunft-tiefenbach.de\/wp-content\/uploads\/2026\/01\/Mandat_Bruendl-682x1024.jpg\" alt=\"\" class=\"wp-image-156\" style=\"aspect-ratio:0.6660262568043548;width:342px;height:auto\" srcset=\"https:\/\/www.unserezukunft-tiefenbach.de\/wp-content\/uploads\/2026\/01\/Mandat_Bruendl-682x1024.jpg 682w, https:\/\/www.unserezukunft-tiefenbach.de\/wp-content\/uploads\/2026\/01\/Mandat_Bruendl-200x300.jpg 200w, https:\/\/www.unserezukunft-tiefenbach.de\/wp-content\/uploads\/2026\/01\/Mandat_Bruendl-768x1152.jpg 768w, https:\/\/www.unserezukunft-tiefenbach.de\/wp-content\/uploads\/2026\/01\/Mandat_Bruendl.jpg 937w\" sizes=\"auto, (max-width: 682px) 100vw, 682px\" \/><figcaption class=\"wp-element-caption\">Manfred Br\u00fcndl<br>2. Vorstand, Gemeinderat<\/figcaption><\/figure>\n\n\n\n<figure class=\"wp-block-image size-large is-resized\"><img loading=\"lazy\" decoding=\"async\" width=\"683\" height=\"1024\" src=\"https:\/\/www.unserezukunft-tiefenbach.de\/wp-content\/uploads\/2026\/01\/Mandat_Urtel-683x1024.jpg\" alt=\"\" class=\"wp-image-158\" style=\"aspect-ratio:0.6669980278664079;width:342px;height:auto\" srcset=\"https:\/\/www.unserezukunft-tiefenbach.de\/wp-content\/uploads\/2026\/01\/Mandat_Urtel-683x1024.jpg 683w, https:\/\/www.unserezukunft-tiefenbach.de\/wp-content\/uploads\/2026\/01\/Mandat_Urtel-200x300.jpg 200w, https:\/\/www.unserezukunft-tiefenbach.de\/wp-content\/uploads\/2026\/01\/Mandat_Urtel-768x1152.jpg 768w, https:\/\/www.unserezukunft-tiefenbach.de\/wp-content\/uploads\/2026\/01\/Mandat_Urtel.jpg 937w\" sizes=\"auto, (max-width: 683px) 100vw, 683px\" \/><figcaption class=\"wp-element-caption\">Uwe Urtel<br>Gemeinderat, 2. B\u00fcrgermeister<br><\/figcaption><\/figure>\n\n\n\n<h2 class=\"wp-block-heading\">Vorstandschaft<\/h2>\n\n\n\n<figure class=\"wp-block-image size-full\"><img loading=\"lazy\" decoding=\"async\" width=\"640\" height=\"480\" src=\"https:\/\/www.unserezukunft-tiefenbach.de\/wp-content\/uploads\/2026\/01\/Vorstandschaft.jpg\" alt=\"\" class=\"wp-image-159\" srcset=\"https:\/\/www.unserezukunft-tiefenbach.de\/wp-content\/uploads\/2026\/01\/Vorstandschaft.jpg 640w, https:\/\/www.unserezukunft-tiefenbach.de\/wp-content\/uploads\/2026\/01\/Vorstandschaft-300x225.jpg 300w\" sizes=\"auto, (max-width: 640px) 100vw, 640px\" \/><\/figure>\n\n\n\n<figure class=\"wp-block-table is-style-regular\"><table border=\"0\"><tbody><tr><td width=200>Florian Schwarzbauer<\/td><td>1. Vorstand, Gemeinderat, Fraktionssprecher<\/td><\/tr><tr><td>Manfred Br\u00fcndl<\/td><td>2. Vorstand, Gemeinderat<\/td><\/tr><tr><td>Michael Leiter<\/td><td>Schriftf\u00fchrer<\/td><\/tr><tr><td>Mathias Neukirchinger<\/td><td>Kassier<\/td><\/tr><tr><td>Uwe Urtel<\/td><td>2. B\u00fcrgermeister, Gemeinderat<\/td><\/tr><\/tbody><\/table><\/figure>\n\n\n\n<p><strong>Beisitzer:<\/strong><br>Kindermann Karin<br>Kindermann Markus<br>Merklinger Johannes (nicht auf Foto)<br>Neukirchinger Martina (nicht auf Foto)<br>Pauli Ralph<br>Pech Cindy<br>Rohn Erich (nicht auf Foto)<br>Sessa Petrick (nicht auf Foto)<br>Weinast Cyrus<br><br><strong>Kassenpr\u00fcfer:<\/strong><br>G\u00fcnter Pauli<br>Michaela Leiter (nicht auf Foto)<\/p>\n","protected":false},"excerpt":{"rendered":"<p>Mandatstr\u00e4ger Vorstandschaft Florian Schwarzbauer 1. Vorstand, Gemeinderat, Fraktionssprecher Manfred Br\u00fcndl 2. Vorstand, Gemeinderat Michael Leiter Schriftf\u00fchrer Mathias Neukirchinger Kassier Uwe Urtel 2. B\u00fcrgermeister, Gemeinderat Beisitzer:Kindermann KarinKindermann MarkusMerklinger Johannes (nicht auf Foto)Neukirchinger Martina (nicht auf Foto)Pauli RalphPech CindyRohn Erich (nicht auf Foto)Sessa Petrick (nicht auf Foto)Weinast Cyrus Kassenpr\u00fcfer:G\u00fcnter PauliMichaela Leiter (nicht auf Foto)<\/p>\n","protected":false},"author":1,"featured_media":0,"parent":0,"menu_order":3,"comment_status":"closed","ping_status":"closed","template":"","meta":{"footnotes":""},"class_list":["post-160","page","type-page","status-publish","hentry"],"_links":{"self":[{"href":"https:\/\/www.unserezukunft-tiefenbach.de\/index.php\/wp-json\/wp\/v2\/pages\/160","targetHints":{"allow":["GET"]}}],"collection":[{"href":"https:\/\/www.unserezukunft-tiefenbach.de\/index.php\/wp-json\/wp\/v2\/pages"}],"about":[{"href":"https:\/\/www.unserezukunft-tiefenbach.de\/index.php\/wp-json\/wp\/v2\/types\/page"}],"author":[{"embeddable":true,"href":"https:\/\/www.unserezukunft-tiefenbach.de\/index.php\/wp-json\/wp\/v2\/users\/1"}],"replies":[{"embeddable":true,"href":"https:\/\/www.unserezukunft-tiefenbach.de\/index.php\/wp-json\/wp\/v2\/comments?post=160"}],"version-history":[{"count":5,"href":"https:\/\/www.unserezukunft-tiefenbach.de\/index.php\/wp-json\/wp\/v2\/pages\/160\/revisions"}],"predecessor-version":[{"id":165,"href":"https:\/\/www.unserezukunft-tiefenbach.de\/index.php\/wp-json\/wp\/v2\/pages\/160\/revisions\/165"}],"wp:attachment":[{"href":"https:\/\/www.unserezukunft-tiefenbach.de\/index.php\/wp-json\/wp\/v2\/media?parent=160"}],"curies":[{"name":"wp","href":"https:\/\/api.w.org\/{rel}","templated":true}]}}